False
Is 46 a multiple of 2?
True
Does 14 divide 393?
False
Is 69536 a multiple of 53?
True
Does 50 divide 5928?
False
Is 5 a factor of 70?
True
Does 111 divide 3906?
False
Is 11453 a multiple of 13?
True
Is 18 a factor of 450?
True
Is 25380 a multiple of 141?
True
Is 15 a factor of 22286?
False
Does 157 divide 74773?
False
Is 27 a factor of 135?
True
Is 94 a factor of 35626?
True
Is 3337 a multiple of 47?
True
Is 34909 a multiple of 78?
False
Is 27 a factor of 17577?
True
Is 6384 a multiple of 42?
True
Is 7672 a multiple of 7?
True
Is 8264 a multiple of 8?
True
Does 7 divide 202?
False
Is 400 a multiple of 40?
True
Is 577 a multiple of 26?
False
Is 143 a factor of 17544?
False
Does 12 divide 1140?
True
Does 10 divide 380?
True
Is 2600 a multiple of 130?
True
Is 9 a factor of 99?
True
Is 15 a factor of 521?
False
Does 9 divide 6182?
False
Is 11 a factor of 2423?
False
Is 130 a factor of 9490?
True
Is 97 a factor of 485?
True
Does 14 divide 14460?
False
Does 59 divide 8867?
False
Is 2217 a multiple of 208?
False
Is 22 a factor of 3263?
False
Is 134 a factor of 3952?
False
Does 60 divide 1026?
False
Is 89 a factor of 40584?
True
Is 675 a multiple of 12?
False
Is 348 a multiple of 12?
True
Is 182 a multiple of 13?
True
Is 1856 a multiple of 16?
True
Is 12 a factor of 40572?
True
Is 39 a factor of 2807?
False
Does 2 divide 1524?
True
Is 73311 a multiple of 84?
False
Is 9 a factor of 954?
True
Does 12 divide 6993?
False
Does 20 divide 523?
False
Is 203 a multiple of 29?
True
Does 9 divide 16992?
True
Is 9160 a multiple of 107?
False
Is 194 a multiple of 10?
False
Is 6 a factor of 10548?
True
Is 105 a factor of 5952?
False
Is 132 a multiple of 3?
True
Does 32 divide 9568?
True
Is 12 a factor of 1506?
False
Does 68 divide 46104?
True
Does 19 divide 1144?
False
Is 6750 a multiple of 3?
True
Is 105 a factor of 613?
False
Is 710 a multiple of 10?
True
Does 15 divide 745?
False
Is 154 a multiple of 11?
True
Does 12 divide 640?
False
Is 18 a factor of 3127?
False
Is 2656 a multiple of 32?
True
Is 11 a factor of 18744?
True
Does 20 divide 28020?
True
Is 4442 a multiple of 171?
False
Is 721 a multiple of 97?
False
Is 1746 a multiple of 23?
False
Is 3 a factor of 1790?
False
Is 1350 a multiple of 18?
True
Does 313 divide 17215?
True
Does 299 divide 25208?
False
Does 193 divide 54585?
False
Is 2 a factor of 90?
True
Is 3904 a multiple of 8?
True
Does 4 divide 533?
False
Is 9060 a multiple of 151?
True
Does 6 divide 5724?
True
Is 18357 a multiple of 211?
True
Does 28 divide 28?
True
Is 59904 a multiple of 13?
True
Does 23 divide 230?
True
Does 12 divide 614?
False
Does 12 divide 48852?
True
Is 53 a factor of 9208?
False
Is 4 a factor of 212?
True
Is 2891 a multiple of 8?
False
Does 16 divide 2060?
False
Does 9 divide 102?
False
Is 8872 a multiple of 130?
False
Does 63 divide 3276?
True
Is 45642 a multiple of 23?
False
Does 17 divide 459?
True
Does 23 divide 15502?
True
Is 688 a multiple of 8?
True
Does 55 divide 16115?
True
Is 42510 a multiple of 120?
False
Is 29 a factor of 749?
False
Is 8231 a multiple of 9?
False
Is 12 a factor of 2724?
True
Is 13227 a multiple of 36?
False
Is 85 a factor of 680?
True
Does 2 divide 163?
False
Is 32926 a multiple of 163?
True
Does 17 divide 867?
True
Is 1310 a multiple of 55?
False
Is 3 a factor of 339?
True
Is 171 a factor of 25137?
True
Does 63 divide 10028?
False
Is 136 a factor of 54400?
True
Is 837 a multiple of 9?
True
Does 17 divide 306?
True
Is 18 a factor of 51156?
True
Is 41 a factor of 10756?
False
Is 940 a multiple of 20?
True
Does 18 divide 9504?
True
Is 9 a factor of 5939?
False
Is 15 a factor of 274?
False
Is 32552 a multiple of 149?
False
Is 903 a multiple of 15?
False
Does 9 divide 23454?
True
Is 17 a factor of 2754?
True
Is 45 a factor of 13050?
True
Is 15620 a multiple of 110?
True
Does 74 divide 1110?
True
Is 108 a factor of 1836?
True
Is 70 a multiple of 2?
True
Is 162666 a multiple of 77?
False
Does 8 divide 215?
False
Does 32 divide 1312?
True
Is 7 a factor of 8821?
False
Is 11240 a multiple of 7?
False
Is 1140 a multiple of 38?
True
Does 17 divide 7106?
True
Is 11 a factor of 3974?
False
Is 35 a factor of 2975?
True
Is 21 a factor of 17850?
True
Is 13 a factor of 1094?
False
Is 35 a factor of 373?
False
Is 1481 a multiple of 31?
False
Is 1449 a multiple of 23?
True
Does 86 divide 8400?
False
Is 149 a factor of 13857?
True
Is 5632 a multiple of 44?
True
Does 19 divide 646?
True
Is 2755 a multiple of 60?
False
Is 23 a factor of 1311?
True
Is 13377 a multiple of 21?
True
Is 37 a factor of 5251?
False
Is 221 a multiple of 17?
True
Does 32 divide 12477?
False
Is 17 a factor of 3040?
False
Is 28101 a multiple of 87?
True
Is 629 a multiple of 17?
True
Does 35 divide 1200?
False
Is 15 a factor of 2640?
True
Is 3886 a multiple of 67?
True
Is 8365 a multiple of 157?
False
Does 50 divide 61131?
False
Is 55 a factor of 14025?
True
Is 27 a factor of 598?
False
Is 11985 a multiple of 26?
False
Does 106 divide 6936?
False
Does 2 divide 244?
True
Does 21 divide 2830?
False
Does 28 divide 138?
False
Does 28 divide 16532?
False
Does 54 divide 2160?
True
Is 368 a multiple of 20?
False
Is 176 a multiple of 11?
True
Does 35 divide 34421?
False
Is 11300 a multiple of 10?
True
Is 12440 a multiple of 76?
False
Is 2173 a multiple of 40?
False
Is 89 a factor of 59546?
False
Is 2002 a multiple of 15?
False
Is 1875 a multiple of 116?
False
Is 380 a multiple of 5?
True
Does 6 divide 89?
False
Does 4 divide 5534?
False
Is 3763 a multiple of 41?
False
Is 182 a factor of 49465?
False
Is 2596 a multiple of 19?
False
Is 9 a factor of 187?
False
Is 5 a factor of 100?
True
Is 157 a factor of 87606?
True
Is 2184 a multiple of 39?
True
Does 18 divide 24084?
True
Does 30 divide 1110?
True
Does 51 divide 4022?
False
Is 16114 a multiple of 15?
False
Does 7 divide 672?
True
Does 143 divide 23452?
True
Is 1269 a multiple of 27?
True
Is 548 a multiple of 26?
False
Is 4 a factor of 78?
False
Is 13 a factor of 831?
False
Is 123 a multiple of 3?
True
Does 97 divide 6802?
False
Does 2 divide 285?
False
Is 7276 a multiple of 4?
True
Does 27 divide 20115?
True
Is 896 even?
True
Is 61429 a multiple of 31?
False
Is 1395 a multiple of 9?
True
Is 4 a factor of 111?
False
Is 45 a factor of 4577?
False
Does 42 divide 17223?
False
Is 11592 a multiple of 84?
True
Is 6 a factor of 780?
True
Is 1536 a multiple of 36?
False
Is 5 a factor of 430?
True
Is 10 a factor of 70?
True
Does 13 divide 4506?
False
Is 5369 a multiple of 7?
True
Is 336 a multiple of 3?
True
Is 17 a factor of 4993?
False
Is 27 a factor of 25556?
False
Is 35385 a multiple of 15?
True
Is 1145 a multiple of 12?
False
Is 123565 a multiple of 268?
False
Does 57 divide 3933?
True
Does 101 divide 13752?
False
Is 122 a factor of 39284?
True
Is 1149 a multiple of 41?
False
Does 17 divide 5100?
True
Does 35 divide 7070?
True
Is 22152 a multiple of 312?
True
Is 52 a factor of 104?
True
Is 20 a factor of 306?
False
Is 729 a multiple of 42?
False
Does 31 divide 26102?
True
Does 332 divide 72044?
True
Is 6238 a multiple of 72?
False
Is 168 a multiple of 6?
True
Is 50429 a multiple of 227?
False
Is 47 a factor of 931?
False
Is 19524 a multiple of 17?
False
Does 5 divide 446?
False
Is 45 a factor of 630?
True
Is 17596 a multiple of 92?
False
Is 9 a factor of 614?
False
Does 7 divide 91?
True
Is 592 a multiple of 14?
False
Is 2 a factor of 1784?
True
Is 27317 a multiple of 90?
False
Is 11 a factor of 121?
True
Is 80836 a multiple of 14?
True
Does 17 divide 2325?
False
Does 15 divide 2670?
True
Is 728 even?
True
Is 459 a multiple of 17?
True
Is 148 a factor of 5180?
True
Is 60 a factor of 159?
False
Is 14422 a multiple of 14?
False
Is 360 a multiple of 36?
True
Is 98084 a multiple of 28?
True
Does 18 divide 54?
True
Does 7 divide 664?
False
Is 18603 a multiple of 159?
True
Does 90 divide 9990?
True
Is 9412 a multiple of 26?
True
Does 19 divide 294?
False
Is 17012 a multiple of 10?
False
Is 9405 a multiple of 33?
True
Is 26312 a multiple of 299?
True
Is 868 a multiple of 31?
True
Is 189 a factor of 10358?
False
Is 9 a factor of 729?
True
Does 151 divide 8116?
False
Is 3 a factor of 2632?
False
Is 2850 a multiple of 6?
True
Is 6 a factor of 774?
True
Does 27 divide 1701?
True
Is 6 a factor of 16379?
False
